{"id":2104,"date":"2016-08-22T20:33:08","date_gmt":"2016-08-23T01:33:08","guid":{"rendered":"http:\/\/www.rollofone.com\/?product=dvorak-quartet-in-f-major-opus-96"},"modified":"2020-11-14T07:04:34","modified_gmt":"2020-11-14T13:04:34","slug":"dvorak-quartet-in-f-major-opus-96","status":"publish","type":"product","link":"https:\/\/www.rollofone.com\/?product=dvorak-quartet-in-f-major-opus-96","title":{"rendered":"Dvo\u0159\u00e1k &#8211; Quartet in F Major (Opus 96)"},"content":{"rendered":"<p>The String Quartet in F major Op. 96, nicknamed American Quartet, is the 12th string quartet composed by Anton\u00edn Dvo\u0159\u00e1k. It was written in 1893, during Dvo\u0159\u00e1k&#8217;s time in the United States. The quartet is one of the most popular in the chamber music repertoire. Performed by the Budapest String Quartet and recorded in 1927 &#8211; most likely \u00a0at His Master\u2019s Voice Studio B at Hayes and the Queen&#8217;s Small Hall.\u00a0 [<a href=\"https:\/\/en.wikipedia.org\/wiki\/String_Quartet_No._12_(Dvo%C5%99%C3%A1k)\">Wikipedia<\/a>]<\/p>\n<p><span style=\"color: #000080\">This is a modified version of the song. It has been taken from this record set, but enhanced and remastered.<\/span><\/p>\n<audio class=\"wp-audio-shortcode\" id=\"audio-2104-1\" preload=\"none\" style=\"width: 100%;\" controls=\"controls\"><source type=\"audio\/mpeg\" src=\"http:\/\/www.rollofone.com\/wp-content\/uploads\/2016\/08\/Quartet-in-F-major-enhanced-nr.mp3?_=1\" \/><a href=\"http:\/\/www.rollofone.com\/wp-content\/uploads\/2016\/08\/Quartet-in-F-major-enhanced-nr.mp3\">http:\/\/www.rollofone.com\/wp-content\/uploads\/2016\/08\/Quartet-in-F-major-enhanced-nr.mp3<\/a><\/audio>\n","protected":false},"excerpt":{"rendered":"<p>This 78rpm record set contains three 12&#8243; 78rpm records.<\/p>\n","protected":false},"featured_media":2105,"comment_status":"open","ping_status":"closed","template":"","meta":{"om_disable_all_campaigns":false,"_monsterinsights_skip_tracking":false,"_monsterinsights_sitenote_active":false,"_monsterinsights_sitenote_note":"","_monsterinsights_sitenote_category":0,"_uf_show_specific_survey":0,"_uf_disable_surveys":false},"product_cat":[73],"product_tag":[],"class_list":{"0":"post-2104","1":"product","2":"type-product","3":"status-publish","4":"has-post-thumbnail","6":"product_cat-uncategorized","8":"first","9":"outofstock","10":"sold-individually","11":"taxable","12":"shipping-taxable","13":"purchasable","14":"product-type-simple"},"aioseo_notices":[],"_links":{"self":[{"href":"https:\/\/www.rollofone.com\/index.php?rest_route=\/wp\/v2\/product\/2104","targetHints":{"allow":["GET"]}}],"collection":[{"href":"https:\/\/www.rollofone.com\/index.php?rest_route=\/wp\/v2\/product"}],"about":[{"href":"https:\/\/www.rollofone.com\/index.php?rest_route=\/wp\/v2\/types\/product"}],"replies":[{"embeddable":true,"href":"https:\/\/www.rollofone.com\/index.php?rest_route=%2Fwp%2Fv2%2Fcomments&post=2104"}],"wp:featuredmedia":[{"embeddable":true,"href":"https:\/\/www.rollofone.com\/index.php?rest_route=\/wp\/v2\/media\/2105"}],"wp:attachment":[{"href":"https:\/\/www.rollofone.com\/index.php?rest_route=%2Fwp%2Fv2%2Fmedia&parent=2104"}],"wp:term":[{"taxonomy":"product_cat","embeddable":true,"href":"https:\/\/www.rollofone.com\/index.php?rest_route=%2Fwp%2Fv2%2Fproduct_cat&post=2104"},{"taxonomy":"product_tag","embeddable":true,"href":"https:\/\/www.rollofone.com\/index.php?rest_route=%2Fwp%2Fv2%2Fproduct_tag&post=2104"}],"curies":[{"name":"wp","href":"https:\/\/api.w.org\/{rel}","templated":true}]}}